= 62850, 0 = -5*s + 5*x + 97530 - 18950. What are the prime factors of s?
2, 3, 97
Let r(m) = 4*m + 37. Let b(a) = a + 9. Let n(i) = -18*b(i) + 4*r(i). Let s be n(-7). List the prime factors of 86/(0 + 1 - s/(-2)).
2, 43
List the prime factors of (22521/(-7))/(68/(-952)).
2, 3, 7507
Let w = 8149 - 5630. List the prime factors of w.
11, 229
Suppose -199*b = -214*b + 4320. What are the prime factors of b?
2, 3
Let c = -9 - -3. Suppose -j - 331 = -3*d, 0 = -17*d + 16*d + 5*j + 87. Let r = d + c. List the prime factors of r.
2, 53
Suppose -754 = -2*y - 2*g, 0 = 2*y - 20*g + 24*g - 748. Let i = y - 149. List the prime factors of i.
3, 7, 11
Let p(g) be the third derivative of g**6/120 - 11*g**5/20 + 23*g**4/12 - 38*g**3/3 - 86*g**2. What are the prime factors of p(32)?
2, 3, 31
List the prime factors of (20/12)/(-1)*12/8*-2982.
3, 5, 7, 71
Suppose -43217 = -5*c - 4*x, 4*x + 29 = 41. List the prime factors of c.
8641
Let j be (-41743)/(-19)*(1 + 0). Let n = j + -1475. List the prime factors of n.
2, 19
Let i be (2 + (-11)/3)/(8/(-24)). Suppose 2*l = l + i. List the prime factors of (6/4)/(l/590).
3, 59
List the prime factors of (-8)/(-76) + (-1929666)/(-114).
16927
Let y = -15 + 17. List the prime factors of ((-380)/12)/(y/(-30)).
5, 19
Suppose -3*p - 24 = 4*w - 7*w, p = -2*w + 10. Let i(d) = 17*d**2 + 6*d + 6. List the prime factors of i(w).
2, 3, 109
Suppose 0 = -y + 21*q + 2855, -3*y - 2*q = -6*q - 8860. What are the prime factors of y?
2, 5, 37
Let o(b) = -5*b**3 - 4*b**2 - b + 5. Let m be o(-3). Let g = -110 + m. Let k(s) = 15*s**2 + 7*s + 2. What are the prime factors of k(g)?
2, 29
Let f be (-3)/4 - 342/(-8). Suppose -38 + f = 2*k. Suppose k*l = -3*l - w + 1202, l - 3*w - 234 = 0. List the prime factors of l.
2, 3, 5
Let u(g) = g**2 + 5*g - 60. Let h be u(6). List the prime factors of (87/(-4))/(h - (-102)/(-16)).
2, 29
Suppose 38*t - 108 - 614 = 0. Suppose -840 = 17*g - t*g. What are the prime factors of g?
2, 3, 5, 7
Suppose 0 = -3*q - 118 + 1849. Suppose -271 = -v + q. What are the prime factors of v?
2, 53
Let z = 12920 + -7639. What are the prime factors of z?
5281
Suppose 8*b + 3*b + 10*b = 132510. List the prime factors of b.
2, 5, 631
Let i = 11 - 17. What are the prime factors of i/(-14) - 550/(-7)?
79
Let a be (11 + 129/(-6))*10/(-3). Suppose -2*r = -5*y - 165, -170 = -3*r - y + a. What are the prime factors of r?
2, 5, 7
Suppose q - 8325 + 1451 = 5023. List the prime factors of q.
11897
Suppose 52*v - 861571 = 467705. List the prime factors of v.
3, 8521
Let n(y) = 6*y**2 - 2*y. Let g be -1 + 0 + (-8)/(-4). Let s be n(g). Suppose -3*f = -v - 161, -6*f + f - s*v = -291. What are the prime factors of f?
5, 11
Let h = 39222 - -26305. What are the prime factors of h?
7, 11, 23, 37
Suppose 0*m = 5*m + 4*h - 23, 0 = 5*h - 10. Let f be (-1412)/5 - ((-102)/30 + m). Let l = -151 - f. What are the prime factors of l?
131
Let x = 10954 + -5373. What are the prime factors of x?
5581
Suppose -9 = -7*d + 4*d. Suppose -d*m + 13 - 7 = 0. Suppose t + m*t - 35 = o, -t + 2*o + 5 = 0. List the prime factors of t.
13
Suppose 2*r - 4503 = -5*v, r - 2241 = -24*v + 25*v. What are the prime factors of r?
2, 3, 11, 17
Let y be 5/5 + (-3 - -6 - 4). Let v(i) = 2*i**2 - i + 558. What are the prime factors of v(y)?
2, 3, 31
Let d be 46524/1 + 25 + -19. What are the prime factors of d/72 + (-1)/4?
2, 17, 19
Let u = -13 + 18. Let r(d) = d + 2. Let m be r(2). Suppose -m*n = -2*g - 508, -u*n - 2*g + 150 = -467. List the prime factors of n.
5
Let d(u) = 19139*u**2 - 360*u + 359. List the prime factors of d(1).
2, 7, 1367
Suppose 0*x - x - 12 = -3*b, -5*x + 4*b - 16 = 0. Suppose 3*r + 1 + 2 = x. List the prime factors of ((-3 + 2)/r)/((-14)/(-1624)).
2, 29
Let o(g) = g**3 - 10*g**2 + 9*g + 23. Let v be ((-20)/5)/(4/(-12)). List the prime factors of o(v).
419
Let d(k) = -2*k**2 + 14*k - 19. Let q be d(2). Let x(l) = -l**3 - 3*l**2 + 4*l + 1. Let i be x(-4). List the prime factors of i*12 - (q - 1)/2.
2, 3
Let d(i) = -2025*i - 2041. List the prime factors of d(-13).
2, 13, 467
Let g be 3 + 5/10 - (-1)/2. Suppose -5*u = 4*c + 4, -2*u + u = -g*c - 4. List the prime factors of (-6)/c*((-820)/3)/(-10).
2, 41
Let w = -6179 + 23238. What are the prime factors of w?
7, 2437
Let j(q) = -96*q + 13. Suppose -2*u = t + 17, -6 = 3*u - 5*t - 0*t. Let i be j(u). Suppose 3*a - 2*b - 433 = 0, -5*a = 5*b - b - i. List the prime factors of a.
3, 47
Let p be (-6)/(-4)*5152/(-12). Let a = p + 1133. List the prime factors of a.
3, 163
Suppose -32 - 23 = 11*w. Let q(t) = 3*t**2 - 4*t + 11. What are the prime factors of q(w)?
2, 53
Let o = -8237 - -9652. List the prime factors of o.
5, 283
Let u = 667 + 38. Suppose -4*k - k = -u. What are the prime factors of k?
3, 47
Suppose 0 = 3*i, -d + 9*i - 4*i = -5847. What are the prime factors of d?
3, 1949
Suppose 2*m = -0*i - i + 588, m = 3*i - 1736. Suppose -8*z - i = -2852. Let p = z - 166. What are the prime factors of p?
2, 59
Let t be ((-6)/(-18))/(2/12). Suppose 153*g = 29*g + 620. Suppose -g*j - 20 = 0, 0 = -t*w + 3*w + j - 28. List the prime factors of w.
2
Let m(l) = l**3 - 53*l**2 + 39*l + 172. List the prime factors of m(53).
2239
Suppose -22 + 28 = 2*x. Let k(z) = -z**3 + 3*z**2 - 3*z + 7. Let f be k(x). List the prime factors of 267/9*(-2*3)/f.
89
Suppose -2*k + 16 = 5*h, 5*k = 2*h - 11 + 22. Suppose -14 = 5*r + 3*m, -k*m + 7 + 3 = -r. List the prime factors of (11/r)/(3*(-9)/1404).
11, 13
Suppose 28 = -101*g + 105*g. Suppose -6*y + 10660 = g*y. Suppose 8*h - y = 476. What are the prime factors of h?
2, 3
Suppose 945*d + 332 = 946*d. Let c = -330 + d. What are the prime factors of c?
2
List the prime factors of (-144320)/123*36/(-15).
2, 11
Suppose 101*n = -7*n - 636149 + 1705565. What are the prime factors of n?
2, 4951
Let r = 209 + -207. What are the prime factors of (r - 2) + 3 - (-137 - -12)?
2
Let h be 3/((-4 - 1) + 4). Let l = 13 - 12. What are the prime factors of h - 395/(-4 - l)?
2, 19
Suppose 201 - 1525 = -2*s. Let g = 1227 - s. What are the prime factors of g?
5, 113
What are the prime factors of ((-15242)/(-8))/(14/56)?
7621
Let q(t) = 506*t - 579. List the prime factors of q(14).
5, 1301
List the prime factors of (-10)/15*((-22)/44 - 143627/2).
2, 11969
Let d = -37 - -35. Let n be (12/15*d)/(2/(-350)). Suppose -4*o + 8*o - 4*w - n = 0, -5*o = -w - 338. What are the prime factors of o?
67
Let w(r) = -6*r - 15. Suppose 0 = 12*x - 8*x + 32. List the prime factors of w(x).
3, 11
Suppose -3*l = -z + 5*z + 206, 2*l + 4*z + 136 = 0. Let m be (l/15 - -4)*-126. Suppose -m = 7*d - 8*d. What are the prime factors of d?
2, 3, 7
Let c(s) = 185*s - 1705. List the prime factors of c(76).
5, 7, 353
Suppose -4*u + 27883 = -5*a, -u + 6982 = 13*a - 12*a. What are the prime factors of u?
6977
Let s(m) = -141*m**3 + 6*m**2 - 86*m - 482. List the prime factors of s(-5).
37, 479
Suppose 0 = -2*t - 2*t + 2*z + 106, 0 = 3*t - 5*z - 76. Let s(d) = d + 2. Let i be s(-4). Let w = t + i. List the prime factors of w.
5
What are the prime factors of (17696/(-42))/((-670)/165 - -4)?
2, 11, 79
Suppose -18*s + 16*s + 130456 = -2*v, -v + 195688 = 3*s. List the prime factors of s.
3, 17, 1279
Let r = -54 + 62. List the prime factors of (76 + (r - 4))/1.
2, 5
Suppose -5*i + 19 = -2*y, -i - 3*y - 3 = -0*y. Suppose -4*x - i*f = x + 4, -4 = 3*x + f. What are the prime factors of (595/(-14) + 3)/(1/x)?
79
Let r(h) = -762*h + 417. What are the prime factors of r(-34)?
3, 5, 13
Suppose -3*t = -4*c, 2*c = t - 388 + 390. Suppose -2*x = 4, 0 = -4*u + 2*x - 3*x + 2. List the prime factors of (11 + -13)*(u + (-210)/t).
103
Suppose -38 = -4*a - 2*w, w = 29 - 26. Suppose 5*z - a - 7 = 0, z = -3*y + 756. List the prime factors of y.
251
Let i = -9181 - -5697. List the prime factors of -5 + (-8)/(32/i).
2, 433
Let b be (-2)/6 + (5922/27 - -5). What are the prime factors of (2/(-8))/(-1) - (-135912)/b?
607
Let d(n) = -118*n**3 + 34*n**2 + 192*n - 42. What are the prime factors of d(-5)?
2, 3, 811
Let g = 5301 - 2745. What are the prime factors of g?
2, 3, 71
Let l be (93/4)/(39/52). Let w = -32 + l. What are the prime factors of (-2)/(w*(-8)/(-100))?
5
Let v = 19551 + 5128. What are the prime factors of v?
23, 29, 37
Let w(j) = 98*j + j**3 + 19*j**2 + 4 - 87*j + 7. Let